8. Determine i(-21).
-6
Let b(y) = -y**2 - 7*y. Determine b(-3).
12
Let s(k) = k**3 + 9*k**2 - 9*k - 21. Calculate s(-10).
-31
Let j(i) = 43*i - 468. Give j(11).
5
Let k(l) = l**3 - 5*l**2 + 2*l + 4. What is k(5)?
14
Let d(i) = -i**3 + 19*i**2 + 5*i - 11. Calculate d(19).
84
Let u(m) = m**3 + 10*m**2 - 27*m - 34. Calculate u(-12).
2
Let o(y) = -y**3 + 10*y**2 + 44*y - 71. What is o(13)?
-6
Let b(h) = 3*h - 8. Calculate b(6).
10
Let b(v) = v - 1. Determine b(-5).
-6
Let a(h) = 2*h**3 - 8*h**2 - 9*h + 5. Determine a(5).
10
Let p(t) = -3*t - 1. What is p(-6)?
17
Let u(b) = -b - 4. Determine u(-7).
3
Let l(n) = 2*n + 12. Calculate l(9).
30
Let d(n) = 15*n**2 - n. Calculate d(1).
14
Let h(p) = 10*p**2 + 7*p. Calculate h(-1).
3
Let u(w) = w**2 - 14*w + 36. What is u(11)?
3
Let b(z) = -z**3 - 27*z**2 + 54*z - 119. Determine b(-29).
-3
Let s(x) = -3*x - 10. What is s(8)?
-34
Let y(g) = g**3 - 16*g**2 + 11*g - 30. What is y(15)?
-90
Let n(b) = 5*b + 106. Calculate n(-20).
6
Let p(m) = m**3 + m**2 + m - 2. Calculate p(-3).
-23
Let r(k) = 2*k + 4. Give r(-12).
-20
Let x(a) = a**3 - 9*a**2 - 8*a - 13. What is x(9)?
-85
Let f(d) = -3*d**2 - 160*d + 103. Determine f(-54).
-5
Let p(v) = v + 19. Calculate p(-30).
-11
Let c(n) = -n**3 - 4*n**2 + 25*n + 11. Determine c(-7).
-17
Let x(s) = -s**2 + 12*s + 34. Calculate x(16).
-30
Let t(f) = f**2 + 16*f - 37. What is t(-18)?
-1
Let b(l) = l + 4. Determine b(4).
8
Let n(p) = -8*p - 98. Give n(-10).
-18
Let n(i) = i + 4. Calculate n(4).
8
Let k(f) = f - 12. Calculate k(-6).
-18
Let p(w) = -w**2 + 10*w - 10. What is p(9)?
-1
Let c(w) = -22*w + 7. What is c(1)?
-15
Let l(p) = -p**2 - 5*p - 10. Determine l(-2).
-4
Let g(u) = 2*u**2 - 5*u + 2. Calculate g(4).
14
Let j(v) = -v**2 + 4*v - 3. What is j(4)?
-3
Let y(m) = -2*m**3 - 2*m - 1. Determine y(2).
-21
Let k(n) = n**2 + 35*n - 190. What is k(5)?
10
Let z(o) = -o + 3. What is z(8)?
-5
Let v(r) = -2*r**3 - 13*r**2 - 15*r - 6. Determine v(-6).
48
Let w(v) = v + 6. Give w(-6).
0
Let z(l) = 16*l - 14. What is z(4)?
50
Let c(a) = a**2 + 7*a + 3. Determine c(-5).
-7
Let q(r) = -2*r + 14. Give q(17).
-20
Let y(p) = -2*p + 24. Give y(-5).
34
Let v(u) = 23*u + 518. Give v(-22).
12
Let a(l) = -2*l + 10. What is a(3)?
4
Let r(i) = 2*i**3 + 4*i**2 + 13*i + 22. Calculate r(-2).
-4
Let z(b) = b + 17. What is z(-2)?
15
Let a(z) = -z**3 - 10*z**2 - 18*z + 2. What is a(-3)?
-7
Let b(s) = 10*s**2 - s + 1. Calculate b(1).
10
Let r(x) = 102*x + 715. Calculate r(-7).
1
Let m(o) = 5*o + 4. Determine m(18).
94
Let n(o) = o**3 + 8*o**2 - 4*o - 6. What is n(-8)?
26
Let c(i) = -2*i**2 + 8*i + 10. Calculate c(6).
-14
Let f(t) = -2*t**2 + 31*t - 7. What is f(16)?
-23
Let x(u) = 6*u - 28. What is x(4)?
-4
Let r(k) = k**3 - 7*k**2 + 10*k - 10. What is r(5)?
-10
Let q(v) = v**2 + 23*v + 32. Calculate q(-22).
10
Let b(s) = -5*s + 13. Calculate b(0).
13
Let c(d) = 4*d + 46. Give c(-12).
-2
Let f(u) = u**2 + 6*u - 3. Give f(0).
-3
Let k(r) = 6*r**2 + 42*r + 2. Determine k(-8).
50
Let b(s) = 19*s + 1. Give b(-2).
-37
Let s(r) = -4*r**2 - 4*r - 3. Calculate s(-1).
-3
Let k(p) = -19*p - 385. What is k(-21)?
14
Let x(a) = -3*a - 9. What is x(-2)?
-3
Let j(g) = -4*g**2 - 6*g + 3. Calculate j(-4).
-37
Let y(a) = a**3 - 3*a**2 - a - 11. Give y(4).
1
Let i(h) = -63*h - 62. Give i(-1).
1
Let z(k) = 4*k - 104. Calculate z(0).
-104
Let w(h) = -13*h - 4. Give w(-2).
22
Let n(c) = -c**2 - 12*c - 40. What is n(-9)?
-13
Let x(q) = q**3 + 42*q**2 - 88*q + 9. Calculate x(-44).
9
Let f(q) = -17*q + 107. Determine f(6).
5
Let q(f) = 3*f + 42. Determine q(-14).
0
Let f(h) = h**2 + 7*h - 52. Calculate f(5).
8
Let y(b) = -3*b**3 + 4*b**2 + b. What is y(3)?
-42
Let y(l) = l**2 + 8*l + 9. Determine y(6).
93
Let c(h) = h**3 - 12*h**2 - 3*h + 4. What is c(12)?
-32
Let x(k) = -k**2 - k + 11. Calculate x(-6).
-19
Let h(z) = -z**3 + 11*z**2 - 7*z - 30. Calculate h(10).
0
Let l(f) = f**3 - 11*f**2 + 2*f + 5. Give l(8).
-171
Let a(o) = -7*o + 119. Give a(16).
7
Let z(f) = -10*f + 25. Give z(-3).
55
Let w(v) = v**3 + 3*v**2 + 1. Give w(-2).
5
Let x(b) = -b**2 + 3*b + 11. Calculate x(-6).
-43
Let c(v) = 2*v**2 + 18*v + 2. Determine c(-9).
2
Let k(j) = -3*j - 2. What is k(-1)?
1
Let w(y) = -3*y + 28. Give w(17).
-23
Let o(h) = -h**3 - 8*h**2 + 11*h + 64. Determine o(-8).
-24
Let b(u) = -u**2 + 21*u - 33. What is b(19)?
5
Let c(o) = -74*o**2 + 2*o - 1. What is c(1)?
-73
Let g(r) = 6*r + 3. Give g(-3).
-15
Let g(p) = -3*p**3 - 7*p + 7. Calculate g(1).
-3
Let h(w) = -w**2 + 3*w - 1. Calculate h(-7).
-71
Let w(c) = -2*c**2 - 48*c + 5. Give w(-24).
5
Let d(z) = z**2 - 9*z + 1. Determine d(10).
11
Let c(r) = 12*r**3 + 2*r + 1. Calculate c(-1).
-13
Let h(j) = 4*j**2 + 6*j + 6. Calculate h(-3).
24
Let j(k) = k**2 - 19*k + 20. Give j(18).
2
Let f(y) = -3*y - 22. What is f(-13)?
17
Let c(m) = -4*m - 162. Calculate c(-41).
2
Let n(z) = -22*z**2 + 2*z - 1. Determine n(1).
-21
Let q(p) = p**2 - 6*p - 2. Determine q(9).
25
Let t(v) = -v**2 + 2*v + 4. Give t(-3).
-11
Let v(m) = -m**2 - 13*m - 13. Determine v(-8).
27
Let x(k) = 8*k + 161. Determine x(-19).
9
Let h(s) = 15*s - 53. What is h(4)?
7
Let w(s) = s**2 + 15*s + 2. Calculate w(-15).
2
Let d(k) = -2*k**3 + 10*k**2 + 6*k + 4. What is d(6)?
-32
Let k(h) = -3*h**2 - 2*h + 2. Determine k(3).
-31
Let r(o) = -o**2 + 10*o + 195. What is r(-10)?
-5
Let l(t) = 24*t - 5. What is l(3)?
67
Let s(t) = -3*t**2 + 4*t - 2. Calculate s(1).
-1
Let j(z) = 28*z - 3. What is j(-1)?
-31
Let r(n) = n**2 - 12*n + 11. Determine r(12).
11
Let k(j) = 15*j**2 + j - 1. Give k(-1).
13
Let a(m) = 23*m**3 - m**2 - m + 3. Calculate a(1).
24
Let h(b) = -9*b**2 - 35*b - 6. Give h(-4).
-10
Let h(c) = 2*c**2 + 14*c - 66. What is h(-10)?
-6
Let u(s) = 3*s**3 + s**2 - 4*s - 3. Give u(-2).
-15
Let x(j) = -4*j + 12. Give x(-9).
48
Let z(s) = -12*s - 34. Calculate z(-4).
14
Let q(r) = -8*r + 2. Determine q(2).
-14
Let x(n) = -n**3 - 13*n**2 - 10*n + 134. Determine x(-11).
2
Let o(i) = -i**2 + 3*i - 5. Calculate o(3).
-5
Let f(j) = j**3 + 3*j**2 - 11*j + 1. What is f(-5)?
6
Let b(i) = 31*i. What is b(2)?
62
Let j(a) = a**2 + 9*a - 4. Determine j(-9).
-4
Let v(q) = q**3 - 26*q + 10. Give v(-5).
15
Let l(x) = -8*x - 20. Give l(-11).
68
Let i(g) = -g**3 - 35*g**2 - 68*g - 69. Give i(-33).
-3
Let w(h) = 2*h**2 - 11*h. Give w(5).
-5
Let b(v) = -11*v - 168. Give b(-10).
-58
Let p(c) = -7*c - 11. Calculate p(4).
-39
Let l(y) = -y**3 - 14*y**2 - 3*y - 19. Give l(-14).
23
Let h(j) = -j**2 - 18*j + 196. What is h(8)?
-12
Let u(b) = b**3 + 5*b**2 - 9*b - 9. Determine u(-3).
36
Let l(d) = 3*d - 88. Calculate l(30).
2
Let u(k) = -73*k + 13. Calculate u(1).
-60
Let h(g) = g**3 + g**2 - g - 13. Determine h(0).
-13
Let x(b) = b**2 - 10*b + 3. What is x(4)?
-21
Let l(o) = o**3 - 3*o**2 - 4*o - 6. Give l(4).
-6
Let b(x) = x**3 + 13*x**2 - 3*x + 7. Give b(-13).
46
Let x(t) = t**2 - 8*t - 4. What is x(9)?
5
Let h(l) = -2*l**2 - 26*l + 65. Calculate h(-15).
5
Let p(i) = -9*i + 3. What is p(-1)?
12
Let r(a) = -a**3 - a**2 + a + 15. Determine r(0).
15
Let r(l) = -2*l + 9. Give r(8).
-7
Let h(v) = v**2 - v + 3. What is h(0)?
3
Let p(z) = -z**3 - 10*z**2 - 8*z + 7. Determine p(-9).
-2
Let h(i) = -8*i - 46. Determine h(-7).
10
Let c(f) = f**3 + 29*f**2 + 5*f + 143. Calculate c(-29).
-2
Let o(j) = -5*j + 28. Determine o(13).
-37
Let y(w) = w**3 - 19*w**2 + 36*w - 6. Calculate y(17).
28
Let w(v) = 8*v + 1. Determine w(4).
33
Let i(z) = -12*z**2 - 4*z - 3. What is i(-2)?
-43
Let p(d) = d + 9. Calculate p(-8).
1
Let f(o) = -o**3 + 6*o**2 + 4*o - 10. What is f(6)?
14
Let t(b) = b**3 - 9*b**2 - 7*b - 4. Give t(9).
-67
Let r(u) = u - 7. What is r(0)?
-7
Let r(z) = -8*z**2 + 2*z - 1. Determine r(1).
-7
Let s(d) = -d**2 - 10*d - 15. Give s(-10).
-15
Let m(i) = -3*i + 6. Determine m(3).
-3
Let i(n) = -n**3 + 5*n**2 + 2*n - 12. What is i(4)?
12
Let r(p) = 7*p - 36. Calculate r(6).
6
Let l(v) = -v**3 + 5*v**2 - 7. What is l(4)?
9
Let k(y) = -3*y**2 + 4*y + 1. What is k(3)?
-14
Let d(o) = -3*o - 22. What is d(-7)?
-1
Let a(l) = l**3 + 25*l**2 - 24*l + 58. Determine a(-26).
6
Let l(j) = -j**3 + 16*j**2 + 17*j - 10. Calculate l(17).
-10
Let y(p) = -p + 10. Calculate y(7).
3
Let o(u) = u**2 - 6*u - 33. Give o(9).
-6
Let z(b) = b**2 - 8*b - 3. What is z(11)?
30
Let x(j) = 